= 26*l**2 + 10184*l - 3130. Determine k(-392).
6
Let d(s) = 169*s**2 - 361*s + 360. Give d(1).
168
Let n(u) = -u**2 + 2382*u + 64956. Calculate n(-27).
-87
Let q(z) = -z**3 + 5*z**2 + 1563*z + 5. Give q(0).
5
Let h(u) = -4076*u + 24388. Give h(6).
-68
Let k(m) = 4361*m + 270911. What is k(-62)?
529
Let b(l) = 1325*l + 88810. Calculate b(-67).
35
Let o(h) = -h**3 - 74*h**2 - 1141*h - 4536. Calculate o(-13).
-12
Let n(z) = 5*z**3 + 169*z**2 - 88*z - 4173. Calculate n(-34).
-2337
Let x(i) = 25*i**3 - 2418*i**2 + 1724*i + 376. Determine x(96).
-8
Let u(k) = 9306*k - 49630. Calculate u(5).
-3100
Let o(m) = -10*m**2 - 2512*m - 10383. Give o(-247).
-9
Let r(t) = 19*t**2 - 1727*t + 6922. What is r(4)?
318
Let v(x) = 16*x**2 - 3085*x - 9255. Give v(-3).
144
Let d(r) = 696*r**2 + 2439*r + 1055. Calculate d(-3).
2
Let n(u) = 23833*u + 2192612. Calculate n(-92).
-24
Let w(b) = 11884*b - 392185. Determine w(33).
-13
Let y(f) = f**3 + 4414*f**2 + 79128*f - 7. Determine y(-18).
-7
Let y(h) = -2*h**3 - 232*h**2 + 6727*h + 1009. Calculate y(-140).
29
Let s(a) = -592*a - 68255. Calculate s(-115).
-175
Let u(y) = -y**3 - 51*y**2 - 327*y + 60. Determine u(-14).
-2614
Let g(c) = 3*c**3 + 268*c**2 + 1373*c + 66476. Give g(-87).
8
Let o(s) = 1040168*s + 8. Determine o(0).
8
Let f(g) = 3*g**3 - 236*g**2 + 154*g + 17. Calculate f(78).
-139
Let h(d) = d**3 - 288*d**2 - 734*d + 128603. Determine h(289).
-2
Let l(u) = -27*u**2 - 1382*u + 266. Give l(-51).
521
Let r(p) = -p**3 + 100*p**2 - 1348*p - 100. What is r(84)?
-436
Let s(w) = -w**3 + 374*w**2 - 1841*w - 1423. What is s(369)?
53
Let n(m) = 69*m**2 - 8303*m + 2756. Determine n(120).
-4
Let j(a) = 20025*a + 240242. Determine j(-12).
-58
Let j(t) = 407596*t + 815180. Determine j(-2).
-12
Let z(i) = i**2 - 180*i - 38832. Calculate z(-132).
2352
Let m(s) = -6*s**3 + 74*s**2 + 533*s - 2879. Determine m(16).
17
Let q(u) = -u**2 - 91*u + 907. Determine q(-100).
7
Let w(s) = -3*s**2 - 9129*s + 577529. Determine w(62).
-1
Let f(z) = -2*z**3 + 581*z**2 + 7260*z - 27. Give f(-12).
-27
Let a(m) = -m**2 - 1505*m - 255404. Calculate a(-195).
46
Let l(u) = u**2 + 1585*u + 479454. What is l(-407)?
8
Let s(p) = -29*p - 1315. Give s(-51).
164
Let w(s) = -703*s**2 + 358*s - 713. What is w(2)?
-2809
Let z(k) = -409115*k + 5318491. Give z(13).
-4
Let i(c) = c**3 - 38*c**2 + 3097*c - 122230. What is i(39)?
74
Let c(b) = -6*b**3 + 38*b**2 - 196*b + 441. What is c(3)?
33
Let s(v) = v**3 + 8*v**2 - 68*v + 321. Calculate s(6).
417
Let j(d) = -d**3 + 2852*d**2 - 19872*d - 299. Calculate j(7).
2
Let o(s) = 65*s**2 - 4111*s + 67. Give o(63).
-941
Let b(p) = p**3 + 3*p**2 + 112*p + 48. Calculate b(0).
48
Let s(i) = -3*i**2 - 159*i + 19843. What is s(-112)?
19
Let m(o) = 13*o**3 - 8375*o**2 + 10294*o - 3852. What is m(643)?
6
Let w(p) = -5294*p + 783489. Calculate w(148).
-23
Let p(q) = q**2 - 148*q + 5407. Calculate p(69).
-44
Let z(j) = 2*j**3 + 265*j**2 - 105*j - 31402. Determine z(-132).
-118
Let x(u) = 155*u - 19811. Calculate x(125).
-436
Let u(z) = -z**3 - 60*z**2 - 248*z - 58. Determine u(-55).
-1543
Let o(v) = -21*v**3 + 702*v**2 - 2175*v + 561. Determine o(30).
111
Let a(p) = 19*p**3 - 19*p**2 + 16*p - 12. Give a(4).
964
Let j(i) = -i**2 + 8673*i - 6767795. Determine j(867).
7
Let a(c) = -2*c**3 - 23*c**2 + 20*c - 65. Calculate a(-12).
-161
Let q(u) = -144*u**2 - 3771*u - 770. Determine q(-26).
-68
Let p(s) = 149*s**2 + 2560*s + 2817. Determine p(-16).
1
Let r(q) = -4*q**3 - 232*q**2 + 255*q + 90. Give r(-59).
-1031
Let r(p) = -2*p**3 - 471*p**2 - 19815*p + 2195. What is r(-55)?
-5
Let i(q) = -3*q**3 - 24*q**2 - 169*q - 1286. Give i(-8).
66
Let c(k) = -182*k - 34395. Give c(-188).
-179
Let q(u) = -u**3 - 5345*u**2 - 185852*u + 2. What is q(-35)?
72
Let i(y) = -4*y**3 - 137*y**2 - 1196*y - 463. Determine i(-18).
5
Let k(v) = -45*v**3 - 266*v**2 - 55. Calculate k(-6).
89
Let f(y) = 8*y**2 + 130*y - 5777. What is f(-36)?
-89
Let d(y) = -82*y + 6364. Determine d(13).
5298
Let s(t) = t**2 - 3217*t + 1940052. Determine s(804).
0
Let k(i) = 6*i**2 - 177*i + 2170. Give k(14).
868
Let w(j) = -213*j - 55530. Calculate w(-260).
-150
Let p(w) = 13*w**3 + 154*w**2 + 470*w + 87. What is p(-6)?
3
Let d(z) = 741*z + 2267. Give d(-3).
44
Let d(q) = -395*q - 2900. Calculate d(-7).
-135
Let l(v) = 1069*v + 12592. Calculate l(-12).
-236
Let u(t) = -6914*t - 83. Determine u(0).
-83
Let n(l) = 150*l + 2613. Give n(-15).
363
Let b(y) = -y**3 - y**2 + 5052*y - 20082. What is b(4)?
46
Let r(c) = 2*c**3 + 100*c**2 + 21*c + 1390. Calculate r(-50).
340
Let o(p) = 89*p**3 - 2*p**2 + p + 3. What is o(-2)?
-719
Let q(w) = w**2 - 3349*w + 248665. Give q(76).
-83
Let w(y) = -1259*y + 42707. What is w(34)?
-99
Let x(i) = -2*i**2 + 9010*i + 90172. Give x(-10).
-128
Let x(f) = 54*f**3 + 3*f**2 - 6*f + 4. What is x(-2)?
-404
Let a(j) = 6*j**3 + 24*j**2 - 299*j - 13. Calculate a(-11).
-1806
Let j(o) = 31*o**2 + 2293*o - 4705. What is j(2)?
5
Let l(s) = -3198*s - 319817. Give l(-100).
-17
Let t(f) = 3*f**2 + 178*f + 1925. What is t(-42)?
-259
Let l(i) = i**2 + 106*i + 972. Calculate l(-10).
12
Let v(l) = -l**3 - 45*l**2 + 819*l - 9. Give v(17).
-4004
Let o(w) = w**3 + 81*w**2 + 384*w - 22. What is o(-5)?
-42
Let r(h) = 1023*h**3 - 2*h**2 - 1. What is r(1)?
1020
Let u(h) = h**3 - 94*h**2 - 335*h + 3112. What is u(97)?
-1156
Let t(i) = 16182*i + 32367. Calculate t(-2).
3
Let n(x) = x**2 - 344*x + 18772. Calculate n(66).
424
Let m(x) = x**3 + 105*x**2 + 681*x - 40. What is m(-7)?
-5
Let q(p) = p**3 - 10*p**2 - 66*p + 337. What is q(13)?
-14
Let r(i) = -i**2 - 1034*i - 239275. Determine r(-350).
125
Let d(w) = -35*w**3 + 3*w**2 + 14*w + 10. Calculate d(-2).
274
Let i(k) = 277*k - 13732. Give i(50).
118
Let d(h) = 2*h**3 + 193*h**2 - 284*h + 391. Determine d(-98).
-589
Let b(l) = -76*l**3 - 16*l**2 + 40*l - 30. Determine b(2).
-622
Let n(o) = 236*o + 5620. Calculate n(-25).
-280
Let r(k) = 57967*k + 115954. Give r(-2).
20
Let g(r) = -2*r**3 - 111*r**2 + 1387*r + 71. Calculate g(-66).
5
Let m(f) = 730*f + 5829. Calculate m(-8).
-11
Let l(i) = 11*i - 1110. Calculate l(36).
-714
Let k(t) = 253*t**2 + 10837*t - 1789. What is k(-43)?
17
Let g(s) = -2*s**2 - 722*s + 38195. Give g(46).
751
Let k(z) = 45*z + 3655. Calculate k(-68).
595
Let q(n) = -n**3 + 91*n**2 + 701*n - 55817. Calculate q(92).
211
Let m(g) = -135*g - 7803. Calculate m(-55).
-378
Let d(f) = f**2 + 1133*f + 77384. Calculate d(-73).
4
Let m(p) = 5*p**3 + 45*p**2 + 8*p - 182. Determine m(-11).
-1480
Let k(r) = 544*r - 15264. What is k(28)?
-32
Let x(j) = 2318*j - 178489. Give x(77).
-3
Let q(g) = -204*g**2 + 1644*g + 21. Give q(8).
117
Let b(a) = 2036*a + 99935. Calculate b(-49).
171
Let l(q) = 17*q**3 + 398*q**2 + 170*q + 44. What is l(-23)?
-163
Let g(k) = -2*k**2 - 239*k - 177. What is g(-118)?
177
Let n(u) = 7995*u + 2206536. Determine n(-276).
-84
Let w(k) = 27*k**2 - 508*k - 5790. What is w(-8)?
2
Let n(j) = -j**3 - 9*j**2 - 105*j + 1. Calculate n(0).
1
Let t(o) = -2768*o - 373674. Calculate t(-135).
6
Let n(m) = -3*m**2 + 615*m - 4172. Give n(7).
-14
Let o(r) = -2695*r - 5686. Give o(-2).
-296
Let u(g) = -1183*g**2 - 82*g - 53. Give u(-1).
-1154
Let t(q) = -2*q**3 + 443*q**2 - 1913*q - 8678. Determine t(217).
2
Let c(r) = 4504*r - 49557. Give c(11).
-13
Let i(b) = -15873*b + 96733. Calculate i(6).
1495
Let p(l) = -4312*l + 370850. Give p(86).
18
Let t(x) = -2136*x + 40610. Give t(19).
26
Let b(g) = 10*g**3 + 415*g**2 + 806*g + 24637. Calculate b(-41).
-4
Let i(d) = d**3 - 170*d**2 - 3800*d + 52. Determine i(190).
52
Let b(v) = 2*v**2 + 339*v + 9788. Calculate b(-37).
-17
Let h(r) = 2*r**3 + 12*r**2 - 49*r - 183. What is h(9)?
1806
Let x(p) = 14*p**3 - 173*p**2 + 432*p - 74. Calculate x(9).
7
Let c(n) = -2*n**2 - 323524*n - 323531. What is c(-1)?
-9
Let a(w) = -95*w**2 + 15357*w + 145886. Calculate a(-9).
-22
Let h(a) = 13*a**2 + 14*a - 185. Calculate h(-4).
-33
Let j(h) = -343765*h - 2750144. Determine j(-8).
-24
Let y(x) = 2157*x - 606100. What is y(281)?
17
Let p(w) = 7*w**2 - 2*w - 31. Determine p(-8).
433
Let d(x) = x**3 + 486*x**2 + 183*x - 146470. Give d(-485).
0
Let f(q) = -212*q**3 - 5*q**2 - 151*q + 307. Give f(2).
-1711
Let v(s) = -s**3 - 25*s**2 - 130*s + 2. Calculate v(-17).
-100
Let c(q) = -2*q**3 